hat is -18633 - -2?
-18631
In base 9, what is -44 - -5?
-38
In base 10, what is -1 + 1984?
1983
In base 8, what is -5 - 312?
-317
In base 2, what is 111 - 1111?
-1000
In base 4, what is 10232211 - 3?
10232202
In base 4, what is -101 - -2?
-33
In base 2, what is 110010110 - 111?
110001111
In base 7, what is -63 + 1525?
1432
In base 11, what is 19 + 9?
27
In base 12, what is -1b + -3?
-22
In base 4, what is 331 + -13?
312
In base 6, what is 224 - 11?
213
In base 6, what is 354 + -3?
351
In base 3, what is 122 - -1?
200
In base 11, what is 15951 - 1?
15950
In base 5, what is -21 + -1?
-22
In base 16, what is -3 + -51?
-54
In base 13, what is -3 + 1a87?
1a84
In base 6, what is -3 + 355?
352
In base 7, what is -20412 - 5?
-20420
In base 5, what is -10 - -121102?
121042
In base 3, what is -101 - -121?
20
In base 9, what is 1171 - 48?
1122
In base 16, what is -1d4e + -4?
-1d52
In base 6, what is -24 + -31?
-55
In base 12, what is 0 + -142?
-142
In base 7, what is 3 + 303?
306
In base 14, what is -6 - 26?
-2c
In base 2, what is 11 + -11111101?
-11111010
In base 7, what is 55 + 2?
60
In base 11, what is 68 + 5?
72
In base 11, what is 87 - -2?
89
In base 8, what is 37 + 3?
42
In base 11, what is -2 - 54?
-56
In base 16, what is 2c5a - 5?
2c55
In base 9, what is 23 - 333?
-310
In base 6, what is -42 - -30?
-12
In base 8, what is -5 + 15?
10
In base 11, what is -293 + -1?
-294
In base 6, what is 1 + 134?
135
In base 16, what is 10 + -95?
-85
In base 4, what is -10 - 231033?
-231103
In base 13, what is -30 + -4?
-34
In base 10, what is 228 + 3?
231
In base 4, what is -113112 + 2?
-113110
In base 5, what is -32 + 32?
0
In base 2, what is -10000011110 - -1?
-10000011101
In base 9, what is 462 - -2?
464
In base 11, what is -3aa - 0?
-3aa
In base 14, what is 17 - 1a7?
-190
In base 11, what is -13 - a?
-22
In base 11, what is 3848 + 2?
384a
In base 15, what is -b8 + -3?
-bb
In base 12, what is 22 + -2?
20
In base 2, what is -110 - 100110010?
-100111000
In base 7, what is 3 + -4425?
-4422
In base 12, what is 3 + -335?
-332
In base 7, what is -5 - 636?
-644
In base 2, what is 10011100001 + 0?
10011100001
In base 6, what is 15 - 4?
11
In base 10, what is 17 - 834?
-817
In base 4, what is -111 + -1021?
-1132
In base 12, what is -417 + -3?
-41a
In base 5, what is -343 + 4?
-334
In base 11, what is -64 - 51?
-105
In base 3, what is 10 + 10020?
10100
In base 5, what is -123 - 4?
-132
In base 8, what is -43 - -1?
-42
In base 2, what is 11010 + 110001010?
110100100
In base 5, what is -33443 - 3?
-34001
In base 7, what is -2114 + -5?
-2122
In base 7, what is 5 - 350?
-342
In base 14, what is 8b + 35?
c2
In base 7, what is -13 + 20?
4
In base 6, what is 2 - 3130?
-3124
In base 4, what is 3 - -312?
321
In base 16, what is -14d8 + -5?
-14dd
In base 3, what is -11122120 - 1?
-11122121
In base 7, what is 5 + -13150?
-13142
In base 10, what is -257 - 1?
-258
In base 7, what is -4 - 23166?
-23203
In base 11, what is 8 + 3?
10
In base 5, what is -210 + 3?
-202
In base 14, what is cd7 - -3?
cda
In base 10, what is -3969 - 3?
-3972
In base 5, what is -10 + 221?
211
In base 15, what is 11ae + 4?
11b3
In base 7, what is -5 - -4311?
4303
In base 2, what is -1010010110 + -1?
-1010010111
In base 2, what is 0 - -110100?
110100
In base 12, what is 64 + 2?
66
In base 13, what is -22 - 0?
-22
In base 8, what is 734 - -4?
740
In base 11, what is 3487 - 1?
3486
In base 4, what is 31 - -3212?
3303
In base 6, what is 0 - -1?
1
In base 4, what is 13 + -100212?
-100133
In base 2, what is -1 - -110000?
101111
In base 16, what is -1f - 0?
-1f
In base 7, what is -13460 + -4?
-13464
In base 5, what is 2 + 4033?
4040
In base 4, what is -213 - -203?
-10
In base 2, what is 1001011 - -1100?
1010111
In base 14, what is 6c + -3?
69
In base 14, what is -3 + -18?
-1b
In base 8, what is -1502 + -20?
-1522
In base 14, what is 7 - -49?
52
In base 5, what is 2223423 + -4?
2223414
In base 12, what is -2 - 143?
-145
In base 4, what is -2023 + 21?
-2002
In base 12, what is -6 + 151?
147
In base 14, what is 1 + 8?
9
In base 11, what is 97 - 2?
95
In base 7, what is -16351 - 0?
-16351
In base 2, what is -100 + 1011010010?
1011001110
In base 7, what is -5 + 14?
6
In base 4, what is 2 + 10130?
10132
In base 7, what is -62 - 3?
-65
In base 6, what is 1154 - 2?
1152
In base 15, what is -2d9d + -1?
-2d9e
In base 4, what is -2130 - 0?
-2130
In base 12, what is 48b + b?
49a
In base 3, what is -10212 + -12?
-11001
In base 6, what is -21 - 104?
-125
In base 6, what is 0 - 13034?
-13034
In base 11, what is 24 + 7a?
a3
In base 14, what is 85 - -5?
8a
In base 13, what is 0 + 16?
16
In base 6, what is 3434 - 5?
3425
In base 7, what is 5 - 2504?
-2466
In base 8, what is -2 - 602?
-604
In base 14, what is 4 - 79?
-75
In base 2, what is -100 + -1111111?
-10000011
In base 5, what is -4 - -102?
43
In base 13, what is a0 - -3?
a3
In base 7, what is 264 - 5?
256
In base 4, what is 110 + 2203?
2313
In base 6, what is -113 - -5?
-104
In base 13, what is 29b + -1?
29a
In base 15, what is 2 + -1d?
-1b
In base 2, what is 10 + -110010?
-110000
In base 15, what is -b + -2?
-d
In base 12, what is -3 - -30?
29
In base 16, what is 84 + 4?
88
In base 4, what is 1321 - 0?
1321
In base 2, what is -11101101 - -100?
-11101001
In base 10, what is 1091 + 6?
1097
In base 9, what is -3136 + -5?
-3142
In base 6, what is 1 - -123?
124
In base 3, what is 1001 - 1022?
-21
In base 9, what is 24 - 53?
-28
In base 2, what is 101001 - -10010?
111011
In base 15, what is 22 + -5?
1c
In base 14, what is -d6 - -2?
-d4
In base 5, what is 12200 + -2?
12143
In base 15, what is 15 - -109?
11e
In base 12, what is -241ab - -1?
-241aa
In base 10, what is 51 + 116?
167
In base 15, what is -1 - 36?
-37
In base 10, what is -2 - 3?
-5
In base 13, what is -5 - 477?
-47c
In base 9, what is 482 - 15?
466
In base 11, what is -10a4 - -4?
-10a0
In base 8, what is 3022 + 6?
3030
In base 7, what is -24352 + -5?
-24360
In base 9, what is 7 - -251?
258
In base 4, what is -13 + 11033?
11020
In base 2, what is 110100 - -1001?
111101
In base 10, what is -334 + 3?
-331
In base 12, what is 511 - 11?
500
In base 7, what is 3 - 154?
-151
In base 12, what is 5 - -3?
8
In base 9, what is 302 + 0?
302
In base 7, what is -5 - 133?
-141
In base 13, what is 36 + 19?
52
In base 13, what is -1ba - 0?
-1ba
In base 14, what is -5 + 16?
11
In base 11, what is 99 + 8?
a6
In base 12, what is -13 + 29?
16
In base 9, what is 413 + 26?
440
In base 11, what is 58 + -2?
56
In base 15, what is -d + -2?
-10
In base 5, what is -212043 + 1?
-212042
In base 11, what is 1 - -60?
61
In base 4, what is -111 - -3230?
3113
In base 9, what is -1 + 678?
677
In base 10, what is -111 - 4?
-115
In base 2, what is 1100101001111 - 10?
1100101001101
In base 14, what is 29c - -2?
2a0
In base 2, what is -1100000 - -101101?
-110011
In base 10, what is 66 - 7?
59
In base 13, what is bb4 - -11?
bc5
In base 2, what is 1 - 100011011010?
-100011011001
In base 7, what is -60 - -41?
-16
In base 16, what is 6 - -df0?
df6
In base 11, what is -8 - -142?
135
In base 5, what is -1421 - 10?
-1431
In base 13, what is -108 + 6?
-102
In base 4, what is -10 - 22222?
-22232
In base 6, what is -5 + 22?
13
In base 3, what is 10010 + 2?
10012
In base 4, what is -3 + -23?
-32
In base 7, what is -4 - -10523?
10516
In base 4, what is 10011 - -1?
10012
In base 12, what is -5695 - -5?
-5690
In base 14, what is -476 + -1?
-477
In base 15, what is 9 - -67?
71
In base 5, what is 10 - -2422?
2432
In base 16, what is 2 + 1485?
1487
In base 3, what is 20 + 22?
112
In base 16, what is 5 - -67?
6c
In base 7, what is -2 - 55?
-60
In base 2, what is 1100 - 11110001?
-11100101
In base 2, what is 1001111101 + -101?
1001111000
In base 3, what is 212 - 1220?
-1001
In base 9, what is 460 - 3?
456
In base 13, what is 14 + -313?
-2cc
In base 9, what is -5 + 55?
50
In base 12, what is 2b6 - -4?
2ba
In base 15, what is 436 - 5?
431
In base 13, what is 691 + 2?
693
In base 2, what is 111101101000100 - 101?
111101100111111
In base 11, what is 483 + -1?
482
In base 12, what is -aa97 + 5?
-aa92
In base 5, what is -4 - -2433?
2424
In base 11, what is 6 + 33?
39
In base 9, what is -14 + -27?
-42
In base 4, what is 132 - 2?
130
In base 2, what is -1000010 + 1000100?
10
In base 